{"id":837,"date":"2020-03-19T13:01:45","date_gmt":"2020-03-19T12:01:45","guid":{"rendered":"http:\/\/gasthof-bodensteiner.de\/?page_id=837"},"modified":"2020-03-30T14:26:13","modified_gmt":"2020-03-30T12:26:13","slug":"gaestezimmer","status":"publish","type":"page","link":"https:\/\/gasthof-bodensteiner.de\/?page_id=837","title":{"rendered":"G\u00e4stezimmer"},"content":{"rendered":"\t\t<div data-elementor-type=\"wp-page\" data-elementor-id=\"837\" class=\"elementor elementor-837\">\n\t\t\t\t\t\t\t\t\t<section class=\"elementor-section elementor-top-section elementor-element elementor-element-b808e67 elementor-section-boxed elementor-section-height-default elementor-section-height-default\" data-id=\"b808e67\" data-element_type=\"section\">\n\t\t\t\t\t\t<div class=\"elementor-container elementor-column-gap-default\">\n\t\t\t\t\t<div class=\"elementor-column elementor-col-100 elementor-top-column elementor-element elementor-element-13ab35f\" data-id=\"13ab35f\" data-element_type=\"column\">\n\t\t\t<div class=\"elementor-widget-wrap elementor-element-populated\">\n\t\t\t\t\t\t\t\t<section class=\"elementor-section elementor-inner-section elementor-element elementor-element-ff5354a elementor-section-boxed elementor-section-height-default elementor-section-height-default\" data-id=\"ff5354a\" data-element_type=\"section\">\n\t\t\t\t\t\t<div class=\"elementor-container elementor-column-gap-default\">\n\t\t\t\t\t<div class=\"elementor-column elementor-col-50 elementor-inner-column elementor-element elementor-element-dd98826\" data-id=\"dd98826\" data-element_type=\"column\">\n\t\t\t<div class=\"elementor-widget-wrap elementor-element-populated\">\n\t\t\t\t\t\t\t\t<div class=\"elementor-element elementor-element-dbf90da elementor-widget elementor-widget-text-editor\" data-id=\"dbf90da\" data-element_type=\"widget\" data-widget_type=\"text-editor.default\">\n\t\t\t\t<div class=\"elementor-widget-container\">\n\t\t\t\t\t\t\t<p><span style=\"font-weight: 400;\">\u00a0&#8211; famili\u00e4r &#8211; ruhig &#8211; erholsam &#8211;<\/span><\/p><p><span style=\"font-weight: 400;\">Wenn es Ihnen bei uns gef\u00e4llt und Sie l\u00e4nger bleiben m\u00f6chten, kein Problem<\/span><\/p><p><span style=\"font-weight: 400;\">&#8230;&#8230;..wir haben 3 gem\u00fctliche G\u00e4stezimmer f\u00fcr Sie vorbereitet, die zum l\u00e4ngeren Verweilen einladen.<\/span><\/p>\t\t\t\t\t\t<\/div>\n\t\t\t\t<\/div>\n\t\t\t\t\t<\/div>\n\t\t<\/div>\n\t\t\t\t<div class=\"elementor-column elementor-col-50 elementor-inner-column elementor-element elementor-element-3c01363\" data-id=\"3c01363\" data-element_type=\"column\">\n\t\t\t<div class=\"elementor-widget-wrap elementor-element-populated\">\n\t\t\t\t\t\t\t\t<div class=\"elementor-element elementor-element-32c1a1a elementor-invisible elementor-widget elementor-widget-image\" data-id=\"32c1a1a\" data-element_type=\"widget\" data-settings=\"{&quot;_animation&quot;:&quot;fadeInRight&quot;}\" data-widget_type=\"image.default\">\n\t\t\t\t<div class=\"elementor-widget-container\">\n\t\t\t\t\t\t\t\t\t\t\t\t\t\t\t<img loading=\"lazy\" decoding=\"async\" width=\"300\" height=\"300\" src=\"https:\/\/gasthof-bodensteiner.de\/wp-content\/uploads\/2020\/03\/G\u00e4stezimmer1.png\" class=\"attachment-medium size-medium wp-image-1024\" alt=\"\" srcset=\"https:\/\/gasthof-bodensteiner.de\/wp-content\/uploads\/2020\/03\/G\u00e4stezimmer1.png 300w, https:\/\/gasthof-bodensteiner.de\/wp-content\/uploads\/2020\/03\/G\u00e4stezimmer1-150x150.png 150w\" sizes=\"auto, (max-width: 300px) 100vw, 300px\" \/>\t\t\t\t\t\t\t\t\t\t\t\t\t\t\t<\/div>\n\t\t\t\t<\/div>\n\t\t\t\t\t<\/div>\n\t\t<\/div>\n\t\t\t\t\t\t\t<\/div>\n\t\t<\/section>\n\t\t\t\t\t<\/div>\n\t\t<\/div>\n\t\t\t\t\t\t\t<\/div>\n\t\t<\/section>\n\t\t\t\t<section class=\"elementor-section elementor-top-section elementor-element elementor-element-7b7a07f elementor-section-boxed elementor-section-height-default elementor-section-height-default\" data-id=\"7b7a07f\" data-element_type=\"section\">\n\t\t\t\t\t\t<div class=\"elementor-container elementor-column-gap-default\">\n\t\t\t\t\t<div class=\"elementor-column elementor-col-50 elementor-top-column elementor-element elementor-element-a1b7a0a\" data-id=\"a1b7a0a\" data-element_type=\"column\">\n\t\t\t<div class=\"elementor-widget-wrap elementor-element-populated\">\n\t\t\t\t\t\t\t\t<div class=\"elementor-element elementor-element-5f2a9a4 elementor-invisible elementor-widget elementor-widget-image\" data-id=\"5f2a9a4\" data-element_type=\"widget\" data-settings=\"{&quot;_animation&quot;:&quot;fadeInLeft&quot;}\" data-widget_type=\"image.default\">\n\t\t\t\t<div class=\"elementor-widget-container\">\n\t\t\t\t\t\t\t\t\t\t\t\t\t\t\t<img loading=\"lazy\" decoding=\"async\" width=\"300\" height=\"300\" src=\"https:\/\/gasthof-bodensteiner.de\/wp-content\/uploads\/2020\/03\/G\u00e4stezimmer2.png\" class=\"attachment-medium size-medium wp-image-1025\" alt=\"\" srcset=\"https:\/\/gasthof-bodensteiner.de\/wp-content\/uploads\/2020\/03\/G\u00e4stezimmer2.png 300w, https:\/\/gasthof-bodensteiner.de\/wp-content\/uploads\/2020\/03\/G\u00e4stezimmer2-150x150.png 150w\" sizes=\"auto, (max-width: 300px) 100vw, 300px\" \/>\t\t\t\t\t\t\t\t\t\t\t\t\t\t\t<\/div>\n\t\t\t\t<\/div>\n\t\t\t\t\t<\/div>\n\t\t<\/div>\n\t\t\t\t<div class=\"elementor-column elementor-col-50 elementor-top-column elementor-element elementor-element-db09d00\" data-id=\"db09d00\" data-element_type=\"column\">\n\t\t\t<div class=\"elementor-widget-wrap elementor-element-populated\">\n\t\t\t\t\t\t\t\t<div class=\"elementor-element elementor-element-1056452 elementor-widget elementor-widget-text-editor\" data-id=\"1056452\" data-element_type=\"widget\" data-widget_type=\"text-editor.default\">\n\t\t\t\t<div class=\"elementor-widget-container\">\n\t\t\t\t\t\t\t<p><span style=\"font-weight: 400;\">Entspannen und wohlf\u00fchlen im Gasthof Bodensteiner. G\u00f6nnen Sie sich ein paar Tage vom Alltagsstress und lassen die Seele baumeln.<\/span><\/p><p><span style=\"font-weight: 400;\">Jedes Doppelzimmer verf\u00fcgt \u00fcber Fernseher, WLAN und eine kleine Sitzecke.<\/span><\/p><p><span style=\"font-weight: 400;\">Genie\u00dfen Sie die l\u00e4ndliche und famili\u00e4re Atmosph\u00e4re.<\/span><\/p>\t\t\t\t\t\t<\/div>\n\t\t\t\t<\/div>\n\t\t\t\t\t<\/div>\n\t\t<\/div>\n\t\t\t\t\t\t\t<\/div>\n\t\t<\/section>\n\t\t\t\t<section class=\"elementor-section elementor-top-section elementor-element elementor-element-d454d93 elementor-section-boxed elementor-section-height-default elementor-section-height-default\" data-id=\"d454d93\" data-element_type=\"section\">\n\t\t\t\t\t\t<div class=\"elementor-container elementor-column-gap-default\">\n\t\t\t\t\t<div class=\"elementor-column elementor-col-100 elementor-top-column elementor-element elementor-element-5247c82\" data-id=\"5247c82\" data-element_type=\"column\">\n\t\t\t<div class=\"elementor-widget-wrap elementor-element-populated\">\n\t\t\t\t\t\t\t\t<div class=\"elementor-element elementor-element-bfb9127 elementor-widget elementor-widget-heading\" data-id=\"bfb9127\" data-element_type=\"widget\" data-widget_type=\"heading.default\">\n\t\t\t\t<div class=\"elementor-widget-container\">\n\t\t\t<h2 class=\"elementor-heading-title elementor-size-default\">Kontaktieren Sie uns hier<\/h2>\t\t<\/div>\n\t\t\t\t<\/div>\n\t\t\t\t<div class=\"elementor-element elementor-element-8339a2d elementor-widget elementor-widget-wp-widget-wpforms-widget\" data-id=\"8339a2d\" data-element_type=\"widget\" data-widget_type=\"wp-widget-wpforms-widget.default\">\n\t\t\t\t<div class=\"elementor-widget-container\">\n\t\t\t<div class=\"wpforms-container wpforms-container-full\" id=\"wpforms-977\"><form id=\"wpforms-form-977\" class=\"wpforms-validate wpforms-form\" data-formid=\"977\" method=\"post\" enctype=\"multipart\/form-data\" action=\"\/index.php?rest_route=%2Fwp%2Fv2%2Fpages%2F837\" data-token=\"092889eb45831a0d36c6979297362d43\" data-token-time=\"1777381161\"><noscript class=\"wpforms-error-noscript\">Bitte aktiviere JavaScript in deinem Browser, um dieses Formular fertigzustellen.<\/noscript><div class=\"wpforms-field-container\"><div id=\"wpforms-977-field_0-container\" class=\"wpforms-field wpforms-field-name\" data-field-id=\"0\"><label class=\"wpforms-field-label\">Name <span class=\"wpforms-required-label\">*<\/span><\/label><div class=\"wpforms-field-row wpforms-field-medium\"><div class=\"wpforms-field-row-block wpforms-first wpforms-one-half\"><input type=\"text\" id=\"wpforms-977-field_0\" class=\"wpforms-field-name-first wpforms-field-required\" name=\"wpforms[fields][0][first]\" required><label for=\"wpforms-977-field_0\" class=\"wpforms-field-sublabel after\">Vorname<\/label><\/div><div class=\"wpforms-field-row-block wpforms-one-half\"><input type=\"text\" id=\"wpforms-977-field_0-last\" class=\"wpforms-field-name-last wpforms-field-required\" name=\"wpforms[fields][0][last]\" required><label for=\"wpforms-977-field_0-last\" class=\"wpforms-field-sublabel after\">Nachname<\/label><\/div><\/div><\/div><div id=\"wpforms-977-field_1-container\" class=\"wpforms-field wpforms-field-email\" data-field-id=\"1\"><label class=\"wpforms-field-label\" for=\"wpforms-977-field_1\">E-Mail <span class=\"wpforms-required-label\">*<\/span><\/label><input type=\"email\" id=\"wpforms-977-field_1\" class=\"wpforms-field-medium wpforms-field-required\" name=\"wpforms[fields][1]\" spellcheck=\"false\" required><\/div><div id=\"wpforms-977-field_2-container\" class=\"wpforms-field wpforms-field-textarea\" data-field-id=\"2\"><label class=\"wpforms-field-label\" for=\"wpforms-977-field_2\">Kommentar oder Nachricht <span class=\"wpforms-required-label\">*<\/span><\/label><textarea id=\"wpforms-977-field_2\" class=\"wpforms-field-medium wpforms-field-required\" name=\"wpforms[fields][2]\" required><\/textarea><\/div><\/div><!-- .wpforms-field-container --><div class=\"wpforms-field wpforms-field-hp\"><label for=\"wpforms-977-field-hp\" class=\"wpforms-field-label\">Comment<\/label><input type=\"text\" name=\"wpforms[hp]\" id=\"wpforms-977-field-hp\" class=\"wpforms-field-medium\"><\/div><div class=\"wpforms-submit-container\" ><input type=\"hidden\" name=\"wpforms[id]\" value=\"977\"><input type=\"hidden\" name=\"page_title\" value=\"\"><input type=\"hidden\" name=\"page_url\" value=\"https:\/\/gasthof-bodensteiner.de\/index.php?rest_route=\/wp\/v2\/pages\/837\"><input type=\"hidden\" name=\"url_referer\" value=\"\"><button type=\"submit\" name=\"wpforms[submit]\" id=\"wpforms-submit-977\" class=\"wpforms-submit\" data-alt-text=\"Senden...\" data-submit-text=\"Absenden\" aria-live=\"assertive\" value=\"wpforms-submit\">Absenden<\/button><\/div><\/form><\/div>  <!-- .wpforms-container -->\t\t<\/div>\n\t\t\t\t<\/div>\n\t\t\t\t\t<\/div>\n\t\t<\/div>\n\t\t\t\t\t\t\t<\/div>\n\t\t<\/section>\n\t\t\t\t\t\t\t<\/div>\n\t\t","protected":false},"excerpt":{"rendered":"<p>\u00a0&#8211; famili\u00e4r &#8211; ruhig &#8211; erholsam &#8211; Wenn es Ihnen bei uns gef\u00e4llt und Sie l\u00e4nger bleiben m\u00f6chten, kein Problem &#8230;&#8230;..wir haben 3 gem\u00fctliche G\u00e4stezimmer f\u00fcr Sie vorbereitet, die zum l\u00e4ngeren Verweilen einladen. Entspannen und wohlf\u00fchlen im Gasthof Bodensteiner. G\u00f6nnen Sie sich ein paar Tage vom Alltagsstress und lassen die Seele baumeln. Jedes Doppelzimmer verf\u00fcgt [&hellip;]<\/p>\n","protected":false},"author":1,"featured_media":0,"parent":0,"menu_order":0,"comment_status":"closed","ping_status":"closed","template":"","meta":{"ocean_post_layout":"","ocean_both_sidebars_style":"","ocean_both_sidebars_content_width":0,"ocean_both_sidebars_sidebars_width":0,"ocean_sidebar":"0","ocean_second_sidebar":"0","ocean_disable_margins":"enable","ocean_add_body_class":"","ocean_shortcode_before_top_bar":"","ocean_shortcode_after_top_bar":"","ocean_shortcode_before_header":"","ocean_shortcode_after_header":"","ocean_has_shortcode":"","ocean_shortcode_after_title":"","ocean_shortcode_before_footer_widgets":"","ocean_shortcode_after_footer_widgets":"","ocean_shortcode_before_footer_bottom":"","ocean_shortcode_after_footer_bottom":"","ocean_display_top_bar":"default","ocean_display_header":"default","ocean_header_style":"","ocean_center_header_left_menu":"0","ocean_custom_header_template":"0","ocean_custom_logo":0,"ocean_custom_retina_logo":0,"ocean_custom_logo_max_width":0,"ocean_custom_logo_tablet_max_width":0,"ocean_custom_logo_mobile_max_width":0,"ocean_custom_logo_max_height":0,"ocean_custom_logo_tablet_max_height":0,"ocean_custom_logo_mobile_max_height":0,"ocean_header_custom_menu":"0","ocean_menu_typo_font_family":"0","ocean_menu_typo_font_subset":"","ocean_menu_typo_font_size":0,"ocean_menu_typo_font_size_tablet":0,"ocean_menu_typo_font_size_mobile":0,"ocean_menu_typo_font_size_unit":"px","ocean_menu_typo_font_weight":"","ocean_menu_typo_font_weight_tablet":"","ocean_menu_typo_font_weight_mobile":"","ocean_menu_typo_transform":"","ocean_menu_typo_transform_tablet":"","ocean_menu_typo_transform_mobile":"","ocean_menu_typo_line_height":0,"ocean_menu_typo_line_height_tablet":0,"ocean_menu_typo_line_height_mobile":0,"ocean_menu_typo_line_height_unit":"","ocean_menu_typo_spacing":0,"ocean_menu_typo_spacing_tablet":0,"ocean_menu_typo_spacing_mobile":0,"ocean_menu_typo_spacing_unit":"","ocean_menu_link_color":"","ocean_menu_link_color_hover":"","ocean_menu_link_color_active":"","ocean_menu_link_background":"","ocean_menu_link_hover_background":"","ocean_menu_link_active_background":"","ocean_menu_social_links_bg":"","ocean_menu_social_hover_links_bg":"","ocean_menu_social_links_color":"","ocean_menu_social_hover_links_color":"","ocean_disable_title":"default","ocean_disable_heading":"default","ocean_post_title":"","ocean_post_subheading":"","ocean_post_title_style":"","ocean_post_title_background_color":"","ocean_post_title_background":0,"ocean_post_title_bg_image_position":"","ocean_post_title_bg_image_attachment":"","ocean_post_title_bg_image_repeat":"","ocean_post_title_bg_image_size":"","ocean_post_title_height":0,"ocean_post_title_bg_overlay":0.5,"ocean_post_title_bg_overlay_color":"","ocean_disable_breadcrumbs":"default","ocean_breadcrumbs_color":"","ocean_breadcrumbs_separator_color":"","ocean_breadcrumbs_links_color":"","ocean_breadcrumbs_links_hover_color":"","ocean_display_footer_widgets":"default","ocean_display_footer_bottom":"default","ocean_custom_footer_template":"0","footnotes":""},"class_list":["post-837","page","type-page","status-publish","hentry","entry"],"yoast_head":"<!-- This site is optimized with the Yoast SEO plugin v19.13 - https:\/\/yoast.com\/wordpress\/plugins\/seo\/ -->\n<title>G\u00e4stezimmer - Gasthof Bodensteiner<\/title>\n<meta name=\"robots\" content=\"index, follow, max-snippet:-1, max-image-preview:large, max-video-preview:-1\" \/>\n<link rel=\"canonical\" href=\"https:\/\/gasthof-bodensteiner.de\/?page_id=837\" \/>\n<meta property=\"og:locale\" content=\"de_DE\" \/>\n<meta property=\"og:type\" content=\"article\" \/>\n<meta property=\"og:title\" content=\"G\u00e4stezimmer - Gasthof Bodensteiner\" \/>\n<meta property=\"og:description\" content=\"\u00a0&#8211; famili\u00e4r &#8211; ruhig &#8211; erholsam &#8211; Wenn es Ihnen bei uns gef\u00e4llt und Sie l\u00e4nger bleiben m\u00f6chten, kein Problem &#8230;&#8230;..wir haben 3 gem\u00fctliche G\u00e4stezimmer f\u00fcr Sie vorbereitet, die zum l\u00e4ngeren Verweilen einladen. Entspannen und wohlf\u00fchlen im Gasthof Bodensteiner. G\u00f6nnen Sie sich ein paar Tage vom Alltagsstress und lassen die Seele baumeln. Jedes Doppelzimmer verf\u00fcgt [&hellip;]\" \/>\n<meta property=\"og:url\" content=\"https:\/\/gasthof-bodensteiner.de\/?page_id=837\" \/>\n<meta property=\"og:site_name\" content=\"Gasthof Bodensteiner\" \/>\n<meta property=\"article:modified_time\" content=\"2020-03-30T12:26:13+00:00\" \/>\n<meta property=\"og:image\" content=\"http:\/\/gasthof-bodensteiner.de\/wp-content\/uploads\/2020\/03\/G\u00e4stezimmer1.png\" \/>\n<meta name=\"twitter:card\" content=\"summary_large_image\" \/>\n<script type=\"application\/ld+json\" class=\"yoast-schema-graph\">{\"@context\":\"https:\/\/schema.org\",\"@graph\":[{\"@type\":\"WebPage\",\"@id\":\"https:\/\/gasthof-bodensteiner.de\/?page_id=837\",\"url\":\"https:\/\/gasthof-bodensteiner.de\/?page_id=837\",\"name\":\"G\u00e4stezimmer - Gasthof Bodensteiner\",\"isPartOf\":{\"@id\":\"https:\/\/gasthof-bodensteiner.de\/#website\"},\"datePublished\":\"2020-03-19T12:01:45+00:00\",\"dateModified\":\"2020-03-30T12:26:13+00:00\",\"breadcrumb\":{\"@id\":\"https:\/\/gasthof-bodensteiner.de\/?page_id=837#breadcrumb\"},\"inLanguage\":\"de\",\"potentialAction\":[{\"@type\":\"ReadAction\",\"target\":[\"https:\/\/gasthof-bodensteiner.de\/?page_id=837\"]}]},{\"@type\":\"BreadcrumbList\",\"@id\":\"https:\/\/gasthof-bodensteiner.de\/?page_id=837#breadcrumb\",\"itemListElement\":[{\"@type\":\"ListItem\",\"position\":1,\"name\":\"Startseite\",\"item\":\"https:\/\/gasthof-bodensteiner.de\/\"},{\"@type\":\"ListItem\",\"position\":2,\"name\":\"G\u00e4stezimmer\"}]},{\"@type\":\"WebSite\",\"@id\":\"https:\/\/gasthof-bodensteiner.de\/#website\",\"url\":\"https:\/\/gasthof-bodensteiner.de\/\",\"name\":\"Gasthof Bodensteiner\",\"description\":\"Tradition seit 1734\",\"publisher\":{\"@id\":\"https:\/\/gasthof-bodensteiner.de\/#organization\"},\"potentialAction\":[{\"@type\":\"SearchAction\",\"target\":{\"@type\":\"EntryPoint\",\"urlTemplate\":\"https:\/\/gasthof-bodensteiner.de\/?s={search_term_string}\"},\"query-input\":\"required name=search_term_string\"}],\"inLanguage\":\"de\"},{\"@type\":\"Organization\",\"@id\":\"https:\/\/gasthof-bodensteiner.de\/#organization\",\"name\":\"Gasthof Bodensteiner\",\"url\":\"https:\/\/gasthof-bodensteiner.de\/\",\"logo\":{\"@type\":\"ImageObject\",\"inLanguage\":\"de\",\"@id\":\"https:\/\/gasthof-bodensteiner.de\/#\/schema\/logo\/image\/\",\"url\":\"https:\/\/gasthof-bodensteiner.de\/wp-content\/uploads\/2020\/03\/logofreigestellt.png\",\"contentUrl\":\"https:\/\/gasthof-bodensteiner.de\/wp-content\/uploads\/2020\/03\/logofreigestellt.png\",\"width\":2300,\"height\":2300,\"caption\":\"Gasthof Bodensteiner\"},\"image\":{\"@id\":\"https:\/\/gasthof-bodensteiner.de\/#\/schema\/logo\/image\/\"}}]}<\/script>\n<!-- \/ Yoast SEO plugin. -->","yoast_head_json":{"title":"G\u00e4stezimmer - Gasthof Bodensteiner","robots":{"index":"index","follow":"follow","max-snippet":"max-snippet:-1","max-image-preview":"max-image-preview:large","max-video-preview":"max-video-preview:-1"},"canonical":"https:\/\/gasthof-bodensteiner.de\/?page_id=837","og_locale":"de_DE","og_type":"article","og_title":"G\u00e4stezimmer - Gasthof Bodensteiner","og_description":"\u00a0&#8211; famili\u00e4r &#8211; ruhig &#8211; erholsam &#8211; Wenn es Ihnen bei uns gef\u00e4llt und Sie l\u00e4nger bleiben m\u00f6chten, kein Problem &#8230;&#8230;..wir haben 3 gem\u00fctliche G\u00e4stezimmer f\u00fcr Sie vorbereitet, die zum l\u00e4ngeren Verweilen einladen. Entspannen und wohlf\u00fchlen im Gasthof Bodensteiner. G\u00f6nnen Sie sich ein paar Tage vom Alltagsstress und lassen die Seele baumeln. Jedes Doppelzimmer verf\u00fcgt [&hellip;]","og_url":"https:\/\/gasthof-bodensteiner.de\/?page_id=837","og_site_name":"Gasthof Bodensteiner","article_modified_time":"2020-03-30T12:26:13+00:00","og_image":[{"url":"http:\/\/gasthof-bodensteiner.de\/wp-content\/uploads\/2020\/03\/G\u00e4stezimmer1.png"}],"twitter_card":"summary_large_image","schema":{"@context":"https:\/\/schema.org","@graph":[{"@type":"WebPage","@id":"https:\/\/gasthof-bodensteiner.de\/?page_id=837","url":"https:\/\/gasthof-bodensteiner.de\/?page_id=837","name":"G\u00e4stezimmer - Gasthof Bodensteiner","isPartOf":{"@id":"https:\/\/gasthof-bodensteiner.de\/#website"},"datePublished":"2020-03-19T12:01:45+00:00","dateModified":"2020-03-30T12:26:13+00:00","breadcrumb":{"@id":"https:\/\/gasthof-bodensteiner.de\/?page_id=837#breadcrumb"},"inLanguage":"de","potentialAction":[{"@type":"ReadAction","target":["https:\/\/gasthof-bodensteiner.de\/?page_id=837"]}]},{"@type":"BreadcrumbList","@id":"https:\/\/gasthof-bodensteiner.de\/?page_id=837#breadcrumb","itemListElement":[{"@type":"ListItem","position":1,"name":"Startseite","item":"https:\/\/gasthof-bodensteiner.de\/"},{"@type":"ListItem","position":2,"name":"G\u00e4stezimmer"}]},{"@type":"WebSite","@id":"https:\/\/gasthof-bodensteiner.de\/#website","url":"https:\/\/gasthof-bodensteiner.de\/","name":"Gasthof Bodensteiner","description":"Tradition seit 1734","publisher":{"@id":"https:\/\/gasthof-bodensteiner.de\/#organization"},"potentialAction":[{"@type":"SearchAction","target":{"@type":"EntryPoint","urlTemplate":"https:\/\/gasthof-bodensteiner.de\/?s={search_term_string}"},"query-input":"required name=search_term_string"}],"inLanguage":"de"},{"@type":"Organization","@id":"https:\/\/gasthof-bodensteiner.de\/#organization","name":"Gasthof Bodensteiner","url":"https:\/\/gasthof-bodensteiner.de\/","logo":{"@type":"ImageObject","inLanguage":"de","@id":"https:\/\/gasthof-bodensteiner.de\/#\/schema\/logo\/image\/","url":"https:\/\/gasthof-bodensteiner.de\/wp-content\/uploads\/2020\/03\/logofreigestellt.png","contentUrl":"https:\/\/gasthof-bodensteiner.de\/wp-content\/uploads\/2020\/03\/logofreigestellt.png","width":2300,"height":2300,"caption":"Gasthof Bodensteiner"},"image":{"@id":"https:\/\/gasthof-bodensteiner.de\/#\/schema\/logo\/image\/"}}]}},"_links":{"self":[{"href":"https:\/\/gasthof-bodensteiner.de\/index.php?rest_route=\/wp\/v2\/pages\/837","targetHints":{"allow":["GET"]}}],"collection":[{"href":"https:\/\/gasthof-bodensteiner.de\/index.php?rest_route=\/wp\/v2\/pages"}],"about":[{"href":"https:\/\/gasthof-bodensteiner.de\/index.php?rest_route=\/wp\/v2\/types\/page"}],"author":[{"embeddable":true,"href":"https:\/\/gasthof-bodensteiner.de\/index.php?rest_route=\/wp\/v2\/users\/1"}],"replies":[{"embeddable":true,"href":"https:\/\/gasthof-bodensteiner.de\/index.php?rest_route=%2Fwp%2Fv2%2Fcomments&post=837"}],"version-history":[{"count":7,"href":"https:\/\/gasthof-bodensteiner.de\/index.php?rest_route=\/wp\/v2\/pages\/837\/revisions"}],"predecessor-version":[{"id":1026,"href":"https:\/\/gasthof-bodensteiner.de\/index.php?rest_route=\/wp\/v2\/pages\/837\/revisions\/1026"}],"wp:attachment":[{"href":"https:\/\/gasthof-bodensteiner.de\/index.php?rest_route=%2Fwp%2Fv2%2Fmedia&parent=837"}],"curies":[{"name":"wp","href":"https:\/\/api.w.org\/{rel}","templated":true}]}}